{"id":19,"date":"2024-01-20T23:40:01","date_gmt":"2024-01-20T23:40:01","guid":{"rendered":"http:\/\/www.electrosmartsystems.pl\/?page_id=19"},"modified":"2024-03-16T17:42:28","modified_gmt":"2024-03-16T17:42:28","slug":"informacje","status":"publish","type":"page","link":"https:\/\/www.electrosmartsystems.pl\/?page_id=19","title":{"rendered":"Informacje"},"content":{"rendered":"\r\n<p>Witam na stronie ElectroSmart Systems! Nazywam si\u0119 Marian i jestem za\u0142o\u017cycielem oraz g\u0142\u00f3wnym in\u017cynierem w ElectroSmart Systems. Z ponad 10 latami do\u015bwiadczenia w bran\u017cy elektrycznej, moj\u0105 pasj\u0105 jest dostarczanie innowacyjnych rozwi\u0105za\u0144, kt\u00f3re usprawniaj\u0105 i wzbogacaj\u0105 codzienne \u017cycie naszych klient\u00f3w.<\/p>\r\n\r\n\r\n\r\n<p>Za\u0142o\u017cy\u0142em ElectroSmart Systems z przekonaniem, \u017ce nowoczesna technologia mo\u017ce uczyni\u0107 nasze domy i miejsca pracy bezpieczniejszymi, wydajniejszymi i bardziej komfortowymi. Specjalizujemy si\u0119 w projektowaniu i instalacji zaawansowanych system\u00f3w elektrycznych i sieciowych, kt\u00f3re integruj\u0105 si\u0119 z inteligentnymi technologiami domowymi, systemami monitoringu wizyjnego oraz zaawansowanymi instalacjami alarmowymi.<\/p>\r\n\r\n\r\n\r\n<p>Nasze rozwi\u0105zania s\u0105 zawsze dostosowane do indywidualnych potrzeb klienta, z uwzgl\u0119dnieniem najnowszych trend\u00f3w w dziedzinie smart home i bezpiecze\u0144stwa. Dzi\u0119ki ci\u0105g\u0142emu kszta\u0142ceniu i aktualizacji naszej wiedzy, zapewniamy us\u0142ugi na najwy\u017cszym poziomie, co jest doceniane przez szerokie grono zadowolonych klient\u00f3w.<\/p>\r\n\r\n\r\n\r\n<p>W ElectroSmart Systems wierzymy, \u017ce zaawansowane technologie nie tylko u\u0142atwiaj\u0105 \u017cycie, ale tak\u017ce przyczyniaj\u0105 si\u0119 do lepszej przysz\u0142o\u015bci dla nas wszystkich. Zapraszam do zapoznania si\u0119 z nasz\u0105 ofert\u0105 i do\u0142\u0105czenia do grona os\u00f3b, kt\u00f3re ju\u017c dzi\u015b ciesz\u0105 si\u0119 z zalet inteligentnego \u017cycia.<\/p>\r\n","protected":false},"excerpt":{"rendered":"<p>Witam na stronie ElectroSmart Systems! Nazywam si\u0119 Marian i jestem za\u0142o\u017cycielem oraz g\u0142\u00f3wnym in\u017cynierem w ElectroSmart Systems. Z ponad 10 latami do\u015bwiadczenia w bran\u017cy elektrycznej, moj\u0105 pasj\u0105 jest dostarczanie innowacyjnych rozwi\u0105za\u0144, kt\u00f3re usprawniaj\u0105 i wzbogacaj\u0105 codzienne \u017cycie naszych klient\u00f3w. Za\u0142o\u017cy\u0142em ElectroSmart Systems z przekonaniem, \u017ce nowoczesna technologia mo\u017ce uczyni\u0107 nasze domy i miejsca pracy bezpieczniejszymi, &hellip; <\/p>\n<p class=\"link-more\"><a href=\"https:\/\/www.electrosmartsystems.pl\/?page_id=19\" class=\"more-link\">Czytaj dalej<span class=\"screen-reader-text\"> \u201eInformacje\u201d<\/span><\/a><\/p>\n","protected":false},"author":1,"featured_media":78,"parent":0,"menu_order":0,"comment_status":"closed","ping_status":"closed","template":"","meta":{"footnotes":""},"_links":{"self":[{"href":"https:\/\/www.electrosmartsystems.pl\/index.php?rest_route=\/wp\/v2\/pages\/19"}],"collection":[{"href":"https:\/\/www.electrosmartsystems.pl\/index.php?rest_route=\/wp\/v2\/pages"}],"about":[{"href":"https:\/\/www.electrosmartsystems.pl\/index.php?rest_route=\/wp\/v2\/types\/page"}],"author":[{"embeddable":true,"href":"https:\/\/www.electrosmartsystems.pl\/index.php?rest_route=\/wp\/v2\/users\/1"}],"replies":[{"embeddable":true,"href":"https:\/\/www.electrosmartsystems.pl\/index.php?rest_route=%2Fwp%2Fv2%2Fcomments&post=19"}],"version-history":[{"count":2,"href":"https:\/\/www.electrosmartsystems.pl\/index.php?rest_route=\/wp\/v2\/pages\/19\/revisions"}],"predecessor-version":[{"id":49,"href":"https:\/\/www.electrosmartsystems.pl\/index.php?rest_route=\/wp\/v2\/pages\/19\/revisions\/49"}],"wp:featuredmedia":[{"embeddable":true,"href":"https:\/\/www.electrosmartsystems.pl\/index.php?rest_route=\/wp\/v2\/media\/78"}],"wp:attachment":[{"href":"https:\/\/www.electrosmartsystems.pl\/index.php?rest_route=%2Fwp%2Fv2%2Fmedia&parent=19"}],"curies":[{"name":"wp","href":"https:\/\/api.w.org\/{rel}","templated":true}]}}